uppose -96*i - 45700344 - 5801016 = -336*i. Is i prime?
True
Let h = -6173 - -10944. Is h a composite number?
True
Suppose -139 = -3*r - 121. Is 20/r*1596/56 composite?
True
Suppose 2*q - 13*q = -33. Suppose 0 = 3*j - 5*a - 3193, -2*j - a = -q*a - 2122. Let r = j - 739. Is r a composite number?
False
Let l(c) = 0*c**3 + 10 - 5*c - 26*c - 13*c**2 - 25 - c**3. Let q be l(-10). Let n(i) = 5*i**2 - 27*i - 7. Is n(q) composite?
True
Let m(b) = 3*b**3 - 31*b**2 + 19*b + 15. Let z = 118 + -104. Is m(z) composite?
False
Let v(x) = 2 + 3*x**2 + 0 - 4*x**2 + 20*x**3. Suppose -27*k - 6 = -87. Is v(k) composite?
True
Let k(i) = i**3 - 71*i**2 + 4*i + 1331. Is k(72) composite?
False
Let s(k) = k**3 + 21*k**2 - 49*k + 241. Is s(-20) a prime number?
True
Let g(v) = 99*v**3 - 3*v**2 - v + 14. Is g(9) composite?
False
Let a(f) = -142*f - 120. Suppose -4*w = 4*v + 40, 0*w = -4*w - 3*v - 43. Is a(w) a composite number?
True
Suppose -56*m + 28*m - 42560 = 0. Let d = 5523 - m. Is d a composite number?
False
Suppose -z + 3*l = -3283, -3*z - 8*l = -5*l - 9873. Suppose 1217 = -4*x + 5*i + 14403, -z = -x + 5*i. Is x prime?
True
Suppose -5*j = -4*s + 68, -5*j = -0*s + s + 8. Let n(w) be the first derivative of 4*w**3/3 + 5*w**2 - 19*w - 3. Is n(s) a prime number?
True
Suppose -311097 = 15*r + 108273. Let c = 50525 + r. Is c a composite number?
False
Let a = 25995 - -12032. Is a a prime number?
False
Let m(p) = -90*p - 7. Let n be 8/28 + (-19)/(-7). Suppose -y - y = -4*x + 20, 0 = 5*y + n*x + 37. Is m(y) prime?
False
Is 1522/(-1 - 663/(-629)) composite?
True
Let g(n) = -13*n + 57. Let b be g(5). Is (-5)/(-60)*-3 - 51594/b a composite number?
False
Let v = 2396 + -983. Let t = v - 618. Suppose -5*g + 2*g = -t. Is g composite?
True
Let u = -324975 - -557057. Is u prime?
False
Let h be 1/(-7)*0/(-29). Suppose h = -2*c - 5*u + 41361, -2*c + 28528 = -u - 12863. Is c composite?
False
Let n = 261105 - 37438. Is n composite?
False
Suppose 4*u - 13*f - 179 = -14*f, -2*f - 194 = -4*u. Suppose -48*i = -u*i - 70598. Is i a composite number?
True
Suppose -t - 744 = 6*m - 11*m, -5*m = 0. Let g = 1774 + t. Suppose -5*n + 1030 = -5*z, 0 = 5*n - 3*z - z - g. Is n composite?
True
Let p be ((-144)/40)/(2*6/1160). Let f = 1117 + p. Is f prime?
True
Let y = 73632 - -29857. Is y prime?
False
Suppose 4*y = 4*o + 677916, -377453 - 130928 = -3*y - 4*o. Is y a composite number?
False
Let f(y) be the first derivative of 3*y**4/4 + 5*y**3/6 - 7*y**2/2 - 8*y - 32. Let c(n) be the first derivative of f(n). Is c(-6) composite?
True
Let i = 131 + -130. Is 23/(-115) + (i - (-35582)/10) a composite number?
False
Let p = 157 + -155. Is (-907)/((((-42)/15)/7)/p) a composite number?
True
Let k = 264926 - 132375. Is k composite?
True
Suppose -4*i = -2*i + 6. Is 3/15 - (i + 11676/(-20)) prime?
True
Let v(r) be the second derivative of -r**5/20 + 5*r**4/12 + 4*r**3 + 19*r**2/2 - 23*r. Is v(-12) composite?
False
Let c(w) = -182*w**3 + 5*w**2 + 12*w - 11. Let x be c(-11). Suppose -8*y = 3*y - x. Suppose y = q + 15*q. Is q prime?
False
Let b(i) = i**2 + 1. Let u be b(5). Let g = u + -27. Is 14/(-28) - (g - 225/2) composite?
False
Let n(t) = 181*t**2 - 77*t - 1351. Is n(-16) a prime number?
False
Let m = 108 - 77. Suppose -m*d = -45*d + 262402. Is d composite?
False
Let l = -35 - -38. Let t(m) = -4*m**3 - 4 - m**2 + 2*m**3 + 0 - 3*m - l. Is t(-6) a composite number?
True
Suppose 0 = -654*o + 678*o - 493656. Is o composite?
True
Let t(p) be the second derivative of -19*p**3/3 + 3*p**2/2 - 421*p. Let f(o) = -3*o + 4. Let g be f(4). Is t(g) a composite number?
False
Let l(u) = 53*u - 43*u - 1 + 71*u. Is l(8) prime?
True
Suppose -9*a - 14 = -32. Is (a + -3)*-4 - (-43318)/22 a composite number?
False
Suppose -50*r - 1758440 = -55*r + 2*w, -5*w = 5*r - 1758405. Is r prime?
False
Let j be (-7 - -8)/((-1)/(-15)). Let b be (j/(-4))/(8/192). Is (-36)/b - 136/(-10) a composite number?
True
Let z be (8/(-3))/((-14)/21). Suppose d + l + 19 = 5*l, l + 25 = -z*d. Let g(v) = 45*v**2 + 10*v + 18. Is g(d) a composite number?
False
Is -18 + (-3 - -20334) + (-10)/(-1) a composite number?
False
Suppose 21*p - 10*p - 43857 = 0. Suppose 5*y - p - 33878 = 0. Is y prime?
True
Let b = -756 - -1326. Suppose b = 54*m - 44*m. Is m a prime number?
False
Is 424205 - ((-16)/24)/(9/(-81)) prime?
True
Suppose -5*b + 23 = 2*l, 5*b - 2*l + 5 = 3*l. Suppose -b*f + 3*j = 924, 2*f + j = -0*j - 622. Let r = f - -603. Is r a prime number?
True
Suppose -2*s + 4*c - 5310 - 4278 = 0, 3*s - c = -14392. Let j = s + 2568. Is (6/(-4))/(15/j)*7 a composite number?
True
Let u(a) = 4*a + 44. Let q be u(-10). Suppose 8*k + 25739 = 5*l + 4*k, q*l + k = 20587. Is l prime?
True
Let n be 31156 + (1 - -3 - 2). Suppose 0 = -5*p - p - n. Let b = -3040 - p. Is b prime?
True
Suppose y + 3*y - 2*w = -70366, -17569 = y + 4*w. Let g = y - -32848. Is g prime?
True
Let b = -107 + 154. Let o = 50 - b. Is (-7014)/(-7)*1/o a prime number?
False
Let l be (-5637)/(-2) + (-6)/4. Suppose -13*s - 4*s - 28526 = 0. Let m = s + l. Is m a composite number?
True
Let y(a) = 1559*a**2 + 29*a - 85. Is y(-3) a prime number?
True
Suppose 3*b + 5*f = 7070, 2232 - 14037 = -5*b - 4*f. Let u = b - 1662. Is u a composite number?
True
Is -1 - -1 - (-161412 + 6 - -33) prime?
False
Suppose -4*z + 3*z = -4*k + 15, 0 = 2*k - 2*z - 12. Suppose n + 569 + 3486 = k*p, 2701 = 2*p - 3*n. Is (-2)/(-2) + 2*p composite?
True
Let g = 99 + 3. Let b be 34*(5 - -1)*g/8. Suppose 4427 = 4*n - b. Is n composite?
True
Let o = 695812 - 326021. Is o composite?
False
Let m = -2929 - -1717. Let j(o) = 19*o - 84. Let x be j(-23). Let k = x - m. Is k composite?
False
Suppose 76*o - 10*o + 156*o - 396509538 = 0. Is o a composite number?
False
Suppose 0 = -2*a + 6, 5*y + 5*a = y + 772987. Is y a prime number?
True
Suppose 5 = -2*f - 5, 5*r - 3*f = -25. Let o be r/(-10) - (-1)/5. Is 0 + 6163 - (o - 1)/3 prime?
True
Let c(s) = 160586*s**3 - 2*s**2 + 2*s - 1. Let v be c(1). Suppose 28*g - v = 4531. Is g composite?
False
Suppose -9 - 1 = -5*s. Suppose 16*m - 11*m = 4*w - 100, -56 = -s*w + 4*m. Suppose -1214 + w = -3*d. Is d a composite number?
True
Let c(q) = -47*q**3 + 19*q**2 + q + 45. Let i(r) = 23*r**3 - 10*r**2 - r - 23. Let u(b) = -4*c(b) - 7*i(b). Is u(5) a composite number?
False
Let d(y) = y - 5. Let b be d(0). Let u be (-18)/(-12)*-3371*(7 + -5). Is (b + 17/3)*u/(-2) a prime number?
True
Is (2/13 - (-17569734)/(-1014))/((-1)/2) composite?
True
Let v(n) be the second derivative of n**5/20 - 25*n**4/12 + 11*n**3/2 - 5*n**2/2 + n. Suppose -q + 2*s + 357 - 337 = 0, s = 2. Is v(q) a composite number?
False
Suppose -8*o + 100 + 132 = 0. Suppose -2*g + 11 = -o. Is 2*(-81850)/g*(-3)/5 prime?
False
Let a(i) = 13*i + i**2 + 22*i + 4 + i**3 - 30*i + 8*i**2. Is a(5) prime?
True
Let r(m) = -m**3 + 50*m**2 + 35*m - 88. Let o be r(37). Suppose 4*k = -b + 19004, 3*b = 4*k + 5*b - o. Is k composite?
False
Let s(p) = 7*p**3 - 25*p**2 + 10*p - 307. Is s(23) a prime number?
True
Suppose 4*w - t = -0*t + 46, 0 = w + 2*t - 7. Suppose -w*g - 918 = -5417. Is g prime?
True
Let a = -8295 - -15937. Suppose 42*b = 44*b - a. Is b a prime number?
True
Let r = -96873 - -150686. Is r prime?
True
Let j(n) = -1 + 3 + 0 + 1 + 436*n. Let u = -170 + 171. Is j(u) composite?
False
Let v(b) = -3639*b + 800. Is v(-23) prime?
False
Suppose 499*a + 484605 = 502*a - 3*n, 323068 = 2*a - 3*n. Is a a prime number?
False
Let x = 134544 - -77033. Is x a composite number?
True
Let h be (-220)/(-385)*((-21)/(-2))/(-3). Is 256 - -35 - (-3 + (-1 - h)) prime?
True
Let b be (6/(-1) - -246)*(-656)/(-6). Suppose 5*m = 143495 - b. Is m composite?
True
Let g(d) = 170*d - 139. Is g(19) a composite number?
True
Suppose -5*v + 0*k - 4*k + 42524 = 0, -4*v = -4*k - 34012. Let l = v - 1287. Is l composite?
True
Let q(w) = 93789*w + 1117. Is q(4) prime?
False
Suppose 8*b = 2*u + 13*b - 150138, -375387 = -5*u - 2*b. Is u a composite number?
False
Suppose f = -2*g - 0*f - 24, 0 = -4*g - 3*f - 46. Let a = g + 419. Suppose 3*m - a = -5*p, -3*m + 2*p + 300 = -71. Is m composite?
False
Suppose -88*g + 93*g = 10. Suppose -3*t + 0*t + 2094 = w, g*w - 2097 = -3*t. Is t a composite number?
True
Suppose -2 = -y, -a + 2*y + 0*y = -4. Suppose 4*f + 16 = z - 5*z, 5*f = 2*z + a. Suppose f = -21*r +